the prime factors of q?
2, 3, 11, 13
Suppose 0*u + u - 6 = 0. Let f = 10 - u. Suppose -9*t + f*t = -135. List the prime factors of t.
3
What are the prime factors of 753 + 1 - (-30 - -32)?
2, 47
Let j = 14 + -3. Let v(s) = s**3 - 4*s**2 - s + 1. Let k be v(4). Let o = j - k. List the prime factors of o.
2, 7
Let m(f) = 130*f**3 - f. Let s = -49 + 50. List the prime factors of m(s).
3, 43
Suppose -3000 = -14*l - 16*l. List the prime factors of l.
2, 5
Let v(r) = -r**2 + 8*r - 7. Let y(k) = 2*k**2 - 4*k - 1. Let o be y(3). Let w be v(o). Suppose -a + 1 = -w. What are the prime factors of a?
3
Suppose -10128 = -27*l + 21*l. List the prime factors of l.
2, 211
Suppose -4*s - 4 = -5*s. Suppose 2*x = s*x - 6. List the prime factors of 26/x - 2/(-6).
3
Let g = -406 + 634. List the prime factors of g.
2, 3, 19
Suppose 18*b = 10*b + 1120. Suppose -139 = -r - 4*a, a = r - b + 6. List the prime factors of r.
3, 5
What are the prime factors of 2220*((-10)/25 - 20/(-25))?
2, 3, 37
Let f = 8707 + -4910. List the prime factors of f.
3797
Suppose -j + 3 = 10. Let o be 18/j*(-2156)/21. List the prime factors of ((-1)/2)/((-6)/o).
2, 11
Let t(r) = 2*r**2. Let z be t(1). Let j(f) = 15*f**2 - 2*f. Let s(g) = g**2. Let c(a) = j(a) - 6*s(a). What are the prime factors of c(z)?
2
Let c = -130 + 124. List the prime factors of (5 - 415/15)*c/4.
2, 17
Suppose 1602 + 5918 = 8*p. Suppose -3*l - s + 576 = -2*s, 0 = -5*l - 5*s + p. List the prime factors of l.
191
Suppose -159 = -7*t + 8*t. Let g = -93 - t. List the prime factors of g.
2, 3, 11
Let d(p) be the third derivative of -p**6/120 - p**5/12 - p**4/24 - p**3/6 + 25*p**2. What are the prime factors of d(-7)?
2, 13
List the prime factors of (34/(-3) + -4)*-57.
2, 19, 23
Suppose -4*j + 16 = -8. Suppose 0 = -2*v - j + 190. Suppose -o - o + v = 0. What are the prime factors of o?
2, 23
Let c(b) = -b - 6. Let p be c(-11). Suppose 160 = -g + p*g. Suppose -128 + g = -4*s. List the prime factors of s.
2, 11
Let f = -6958 + 10834. List the prime factors of f.
2, 3, 17, 19
Let k = -13 + 4. Let u(s) = -4*s**2 + 2*s - 1. Let d be u(1). Let a = d - k. List the prime factors of a.
2, 3
Suppose -2*k + 7*k = 125. Suppose 0 = -5*a - k, -h = -3*a + 12 - 62. List the prime factors of h.
5, 7
Let z = -5 + 8. Let o(t) = -t**3 + 3*t**2 + t. Let x be o(z). Suppose -7*h + 2*h = x*k - 94, 5*h + 5*k - 90 = 0. List the prime factors of h.
2, 5
Suppose -13*p + 8*p + 346 = 4*u, -4*p = -8. Suppose 3*l - 636 - u = 0. What are the prime factors of l?
2, 3, 5
Let r be (-98)/8 + 154/(-56) + 3. Let o(t) be the first derivative of t**4/4 + 4*t**3 + 10*t - 1. What are the prime factors of o(r)?
2, 5
Let l = 413 - 68. What are the prime factors of l?
3, 5, 23
Let y(m) = -4*m + 42. Suppose -2*p + p - 7 = 0. List the prime factors of y(p).
2, 5, 7
Let w = 294 - -214. What are the prime factors of w?
2, 127
Let r be (-3555)/(-30) - 6/(-4). Suppose 8*v = 2*v + r. Suppose 102 = 2*w - v. What are the prime factors of w?
61
Let b(p) = -p**2 + 18*p + 10. Suppose -3*x = -12, -n + 6 = -3*x - 0. What are the prime factors of b(n)?
2, 5
Let y(i) = 6*i + 2. Let v be y(-1). Let n(h) = -19*h + 4. List the prime factors of n(v).
2, 5
Let s(b) = -6*b - 12. Let g(c) = -c. Let t(h) = 4*g(h) - s(h). Let z be t(15). What are the prime factors of 8/(-28)*-3*z?
2, 3
Let x(s) = s**2 - 12*s + 29. Let k be x(12). Suppose 4*f + k = 3*a, 2*f + 4 = 6. What are the prime factors of a?
11
Suppose -4*p + 14*a = 17*a - 5816, 4365 = 3*p + 3*a. What are the prime factors of p?
1451
Let u = -2481 - -4457. What are the prime factors of u?
2, 13, 19
Suppose 0 = 4*u - 120 - 380. Suppose -100 = -3*t + u. What are the prime factors of t?
3, 5
Suppose 3*h - h - 52 = 0. Let a be (28/(-7))/((-6)/(1 + 2)). Suppose 0 = a*r - 4*r + h. List the prime factors of r.
13
Suppose 5*n - 39 + 29 = 0. Suppose 3*d + 16 = 2*k - k, 0 = -3*k - 5*d - 8. Suppose 4*i - k*t = n*i + 116, 46 = i + t. What are the prime factors of i?
2, 5
Suppose j - 3*j = -3*w + 36, 3*j + 47 = 4*w. Let f be 1416/10 - w/(-35). Suppose 2*l + m + 35 = 3*l, -3*m - f = -4*l. List the prime factors of l.
37
Let d = 7790 + -3817. What are the prime factors of d?
29, 137
Suppose 4*i = -i + 15. Suppose 3*o - 27 = i*l, 5*o - l - 18 = -5*l. List the prime factors of o/8 - (-186)/8.
2, 3
Let t(c) = -c + 2. Let n be t(-6). Suppose 4*o = 2*o + n. Let i = o + 3. List the prime factors of i.
7
Suppose 3*g = -2*f + 18017, 5*f - 7093 - 22937 = -5*g. What are the prime factors of g?
5, 1201
Let u = 29 + -29. Suppose -5*c - 2*t - 40 = 3*t, u = -2*t. What are the prime factors of (-12)/c - (-111)/6?
2, 5
Let a be (-2)/(-5)*(1 + 394). Suppose -a = -4*z + 50. List the prime factors of z.
2, 13
Let s(h) = 56*h**2 + 35*h + 8. List the prime factors of s(4).
2, 3, 29
Suppose -4*w = -3*q + 757, 2*q = 3*w - 0*w + 506. List the prime factors of q.
13, 19
Let v(l) = -l + 11. Let y be v(15). List the prime factors of y - -6*(4 + 18).
2
Let b(q) = 157*q - 418. What are the prime factors of b(17)?
2251
Let q = -70 + -4. Let j = q + 138. List the prime factors of j.
2
Let z(a) = -3*a**3 + 2*a**2 + a - 1. Let x be z(1). Let q = x - -19. List the prime factors of q.
2, 3
Let c(l) = -2*l**3 + 55*l**2 - 121*l + 26. What are the prime factors of c(23)?
2, 3, 167
Let m = -718 + 1384. Suppose o = -3*n + 159, -4*n - 169 = 3*o - m. What are the prime factors of o?
3, 19
Suppose -5*k + 53 - 338 = 0. Let f = 235 + k. List the prime factors of f.
2, 89
Let v(r) = 9*r**2 + 11*r - 28. What are the prime factors of v(7)?
2, 5, 7
Suppose -p - p - 12 = 0. Let z(s) = 5*s - 41. Let d be z(9). What are the prime factors of d*-15*1/p?
2, 5
Suppose -3*p - 1 = -2*q, 0 = 3*q - 0*p - p - 12. What are the prime factors of q/10*(271 + 1)?
2, 17
Suppose 78 = p + 2*p. Let u be (-4)/18*-3 + (-112)/24. Let o = p - u. What are the prime factors of o?
2, 3, 5
Let f = -464 + 1441. What are the prime factors of f?
977
Let p(t) = -2*t - 6. Let s be p(-5). Suppose -4*o - s*v + 174 = -14, 4*v - 235 = -5*o. Suppose -o = -4*i + 81. What are the prime factors of i?
2
Let y = -35 + 48. Suppose -3*t = -4*b - 31, -3*b = 4*t + t - y. What are the prime factors of t?
5
Suppose 190 = v - 44. Suppose -4*n + 2*n = -3*k + v, -3*k - 4*n + 252 = 0. Suppose -49 = -2*w - 3*c, 2*c - k = -3*w - 19. What are the prime factors of w?
17
Let q = -29 - -31. List the prime factors of 8/q + (4 - (-19 + -2)).
29
Suppose -1642 - 7358 = -8*l. What are the prime factors of l?
3, 5
Let b be (-1)/((-2)/(-24)*-3). Suppose -a = b*a - 45. What are the prime factors of a?
3
Suppose -b + 2 = g, 5*g - 2 - 2 = -2*b. Let h be (-4)/22 - 114/(-22). Suppose b*w - 2*y = -0*y + 38, -3*y = h*w - 95. What are the prime factors of w?
19
Let d(w) = -3*w + 24. Suppose l = m + 14, 2*m + 4*l - 20 = 3*m. What are the prime factors of d(m)?
2, 3, 5
Let l be 1/(-1) - -10 - 0. Let r be (l/2)/((-15)/(-40)). What are the prime factors of 24/9 - 8/r?
2
Let l be ((-1)/7)/((-7)/49). Let d = l - -12. List the prime factors of d.
13
Let c = -1372 - -4686. What are the prime factors of c?
2, 1657
Suppose -2*w - 24 = -5*x + 1, 4*w + 15 = 3*x. Suppose 2*l - 267 = -3*d, 0 = -d + x*l + 86 + 20. What are the prime factors of d?
7, 13
List the prime factors of (-7)/(7/(-5419)) - 2.
5417
Let l(o) = -19*o - 7. Let r be l(-7). Let y = r + -27. What are the prime factors of y?
3, 11
Suppose 0 = 33*h - 28*h - 485. List the prime factors of h.
97
Suppose -153 = -7*b + 6*b. Suppose 8*d = 5*d + b. What are the prime factors of d?
3, 17
Suppose 0 = -t, h + 4*h - 5*t = 1715. List the prime factors of h.
7
List the prime factors of (128 - 127)/((-2)/(-6152)).
2, 769
Let y(g) = 5*g**2 - 12*g + 22. Let d(i) = -4*i**2 + 12*i - 21. Let h(t) = 4*d(t) + 3*y(t). What are the prime factors of h(7)?
17
Let l(u) = 258*u**2 - u + 1. Suppose 0 = -4*i + 3*i + 1. What are the prime factors of l(i)?
2, 3, 43
Let n(r) = -r**3 + 15*r**2 + 23*r + 21. What are the prime factors of n(-7)?
2, 7, 67
What are the prime factors of 708/18*3/2?
59
Let d(s) = s**3 - 13*s**2 - s + 3. Let q be d(13). Let z be 12/10*40/(-12). Let v = z - q. List the prime factors of v.
2, 3
Suppose 0 = b - 0*b + 2*b. Suppose 4*k - l - 259 = b, -3*k + 118 + 78 = l. List the prime factors of k.
5, 13
Suppose m + 1199 - 1418 = 